t the prime factors of 841556899.
17, 49503347
List the prime factors of 2197446941.
197, 227, 49139
What are the prime factors of 290102210?
2, 5, 29010221
List the prime factors of 2499608768.
2, 73, 535019
What are the prime factors of 25280324?
2, 37, 170813
List the prime factors of 354923147.
131, 277, 9781
What are the prime factors of 46428489?
3, 5158721
List the prime factors of 1367191704.
2, 3, 1613, 35317
List the prime factors of 798065.
5, 17, 41, 229
List the prime factors of 7678880.
2, 5, 11, 4363
What are the prime factors of 140692248?
2, 3, 313, 2081
What are the prime factors of 353598629?
613, 941
List the prime factors of 5754415910.
2, 5, 21821, 26371
List the prime factors of 646819610.
2, 5, 79, 617, 1327
List the prime factors of 89683364.
2, 17, 683, 1931
What are the prime factors of 159977174?
2, 7, 17, 31, 21683
What are the prime factors of 6123866735?
5, 7, 17, 467, 22039
What are the prime factors of 5077464?
2, 3, 7, 30223
What are the prime factors of 43944551?
7, 89, 70537
List the prime factors of 693503710.
2, 5, 69350371
List the prime factors of 564445620.
2, 3, 5, 3135809
What are the prime factors of 1418089106?
2, 7, 71, 203807
List the prime factors of 4373865457.
13, 3181, 105769
List the prime factors of 1046947466.
2, 47, 11137739
What are the prime factors of 250866419?
7561, 33179
List the prime factors of 106493066.
2, 17, 3132149
List the prime factors of 589909993.
101, 5840693
What are the prime factors of 1861430221?
7, 29, 131, 69997
What are the prime factors of 1051262945?
5, 3943, 53323
List the prime factors of 1800090164.
2, 450022541
List the prime factors of 3735368511.
3, 7, 1867, 95273
List the prime factors of 80030929.
11, 691, 10529
List the prime factors of 176622849.
3, 13, 18637
List the prime factors of 170164018.
2, 85082009
What are the prime factors of 435852093?
3, 23, 193, 1423
List the prime factors of 1820912834.
2, 13, 3821, 18329
What are the prime factors of 70386016?
2, 29, 73, 1039
List the prime factors of 16906617.
3, 7, 13, 983
What are the prime factors of 1081839033?
3, 11, 797, 13711
List the prime factors of 852470711.
852470711
List the prime factors of 256201203.
3, 17, 5023553
What are the prime factors of 173035066?
2, 223, 387971
List the prime factors of 369401751.
3, 397, 103387
List the prime factors of 1754539.
257, 6827
List the prime factors of 87813163.
223, 379, 1039
List the prime factors of 270549503.
7, 38649929
What are the prime factors of 36955835?
5, 7, 1055881
List the prime factors of 302090075.
5, 7, 79, 21851
What are the prime factors of 40103339?
179, 224041
What are the prime factors of 138053268?
2, 3, 23, 149, 373
What are the prime factors of 5848557883?
7, 1543, 541483
What are the prime factors of 107036855?
5, 41, 67, 7793
List the prime factors of 18591322.
2, 9295661
What are the prime factors of 204578215?
5, 23, 211, 8431
What are the prime factors of 83871637?
37, 2266801
List the prime factors of 95831651.
95831651
What are the prime factors of 387381423?
3, 11, 13, 902987
What are the prime factors of 66658838?
2, 1613, 20663
What are the prime factors of 167207762?
2, 83603881
What are the prime factors of 54459311?
211, 258101
What are the prime factors of 60133726?
2, 17, 1768639
What are the prime factors of 984518346?
2, 3, 7, 23440913
What are the prime factors of 95325755?
5, 7, 19, 29, 4943
What are the prime factors of 1673632384?
2, 1979, 6607
What are the prime factors of 2284435974?
2, 3, 43, 1753, 5051
What are the prime factors of 168550857?
3, 18727873
List the prime factors of 58671121.
4217, 13913
What are the prime factors of 287826910?
2, 5, 7, 4111813
What are the prime factors of 1301214887?
7, 185887841
What are the prime factors of 268393036?
2, 67098259
What are the prime factors of 270349243?
4723, 57241
List the prime factors of 772141870.
2, 5, 17, 4542011
What are the prime factors of 1252167490?
2, 5, 7, 2089, 8563
List the prime factors of 56368932.
2, 3, 41, 114571
List the prime factors of 4440573782.
2, 2220286891
List the prime factors of 66458852.
2, 16614713
What are the prime factors of 155807371?
463, 487, 691
What are the prime factors of 346576028?
2, 86644007
What are the prime factors of 305065860?
2, 3, 5, 11, 462221
What are the prime factors of 147192318?
2, 3, 7, 13, 23, 3907
List the prime factors of 60805293.
3, 20268431
List the prime factors of 287901909.
3, 31989101
List the prime factors of 10729946.
2, 19, 41, 71, 97
List the prime factors of 6276137.
7, 19, 47189
List the prime factors of 1575398845.
5, 315079769
List the prime factors of 4683979185.
3, 5, 312265279
What are the prime factors of 44623596?
2, 3, 3718633
What are the prime factors of 437304939?
3, 145768313
List the prime factors of 377628486.
2, 3, 62938081
What are the prime factors of 5022941536?
2, 19, 743, 11119
List the prime factors of 24695448.
2, 3, 41, 25097
What are the prime factors of 415799550?
2, 3, 5, 59, 15661
What are the prime factors of 5208886346?
2, 3733, 697681
What are the prime factors of 59874332?
2, 7, 439, 4871
List the prime factors of 804525137.
13, 6569, 9421
What are the prime factors of 4782264?
2, 3, 199261
List the prime factors of 1968912751.
13, 181, 457, 1831
List the prime factors of 417896231.
41, 43, 293, 809
List the prime factors of 841002223.
17, 191, 259009
What are the prime factors of 1628851121?
8969, 181609
What are the prime factors of 107264603?
107264603
What are the prime factors of 261391187?
67, 449, 8689
List the prime factors of 203773666.
2, 67, 22697
What are the prime factors of 78641791?
8191, 9601
List the prime factors of 376943737.
17, 857, 25873
List the prime factors of 46094789.
13, 53, 149, 449
What are the prime factors of 192263574?
2, 3, 17, 109, 17293
What are the prime factors of 1437401017?
13, 17, 6504077
List the prime factors of 1614131255.
5, 11, 41, 715801
What are the prime factors of 92186386?
2, 46093193
List the prime factors of 96770700.
2, 3, 5, 13, 919
What are the prime factors of 2152556539?
7, 41, 7500197
List the prime factors of 1313328775.
5, 11, 4775741
What are the prime factors of 29420591?
17, 1730623
What are the prime factors of 254582390?
2, 5, 73, 277, 1259
What are the prime factors of 2774100096?
2, 3, 29, 89, 311
What are the prime factors of 264367095?
3, 5, 17624473
List the prime factors of 45574614.
2, 3, 2531923
List the prime factors of 43693578.
2, 3, 19, 251, 509
What are the prime factors of 945199726?
2, 19, 29, 857713
What are the prime factors of 1035068340?
2, 3, 5, 37, 466247
What are the prime factors of 32000152?
2, 83, 48193
List the prime factors of 179164464.
2, 3, 83, 44971
List the prime factors of 351900601.
13, 139, 149, 1307
List the prime factors of 1757902055.
5, 7, 13, 3863521
What are the prime factors of 2275332230?
2, 5, 227, 1002349
List the prime factors of 1836795887.
1836795887
What are the prime factors of 1721921190?
2, 3, 5, 11, 5217943
List the prime factors of 99616402.
2, 277, 179813
What are the prime factors of 237448356?
2, 3, 61, 227, 1429
List the prime factors of 3591204977.
5021, 715237
What are the prime factors of 33291999?
3, 13, 94849
What are the prime factors of 164513343?
3, 19, 2886199
List the prime factors of 43118695.
5, 19, 137, 3313
What are the prime factors of 198898339?
41, 4851179
What are the prime factors of 251203282?
2, 11, 11418331
List the prime factors of 1289847508.
2, 47, 179, 38329
What are the prime factors of 3971030243?
23801, 166843
List the prime factors of 382124564.
2, 95531141
List the prime factors of 171791725.
5, 7, 199, 4933
List the prime factors of 81544.
2, 10193
What are the prime factors of 4347900764?
2, 1086975191
What are the prime factors of 25257402?
2, 3, 1403189
List the prime factors of 1406640132.
2, 3, 39073337
List the prime factors of 4606771269.
3, 23, 151, 442151
What are the prime factors of 85860951?
3, 11, 2601847
List the prime factors of 88417437.
3, 29472479
What are the prime factors of 825841102?
2, 412920551
List the prime factors of 121624585.
5, 24324917
What are the prime factors of 762249722?
2, 13, 443, 66179
What are the prime factors of 14799880?
2, 5, 369997
List the pri